 o(c) = -c**3 - 4*c**2 - 362*c - 2235. Calculate o(-6).
9
Let x(o) = -o**3 - 69*o**2 - 866*o + 935. Calculate x(-52).
-1
Let b(j) = 4*j**2 - 162*j + 1146. What is b(31)?
-32
Let s(u) = -u + 19. Determine s(18).
1
Let p(k) = 11*k - 160. Determine p(5).
-105
Let l(c) = -2*c**2 - 4974*c + 24898. Give l(5).
-22
Let w(z) = 4*z**2 - 25*z - 5. What is w(5)?
-30
Let y(v) = 2*v**2 + 27*v - 55. Calculate y(-15).
-10
Let a(g) = -59*g - 3074. What is a(-52)?
-6
Let h(j) = j**2 + 61*j - 219. Give h(-64).
-27
Let a(c) = 75*c + 767. Give a(-10).
17
Let c(w) = -4*w + 101. Calculate c(-12).
149
Let a(r) = -r**3 + 31*r**2 + 6*r + 123. Give a(31).
309
Let l(t) = -t**3 + 28*t**2 - 141*t - 7. Determine l(7).
35
Let n(c) = -6*c**2 - 46*c + 813. Give n(-16).
13
Let n(u) = -7*u**2 + 67*u + 721. What is n(-9)?
-449
Let k(t) = 161*t - 703. Give k(4).
-59
Let s(j) = -j**3 - 35*j**2 + 622*j + 22. What is s(13)?
-4
Let u(g) = g**2 + 19*g + 22. Determine u(-17).
-12
Let s(c) = 2082*c + 29115. What is s(-14)?
-33
Let j(d) = 4*d**3 + 7*d**2 + 4*d - 1. What is j(-4)?
-161
Let x(v) = 3*v**3 + 21*v**2 + 13*v + 112. Determine x(-7).
21
Let g(u) = 9*u + 334. What is g(15)?
469
Let y(r) = -r**3 + 7*r**2 - 15*r + 50. Determine y(5).
25
Let s(z) = -z**2 + 37*z - 4. Determine s(29).
228
Let h(u) = u**2 + 742*u - 1480. Calculate h(2).
8
Let n(z) = -z**3 + 16*z**2 - 23*z + 49. Determine n(15).
-71
Let y(o) = o**3 + 16*o**2 + 20*o - 17. Give y(-15).
-92
Let v(s) = 10*s**3 - s**2 - s + 29. Give v(4).
649
Let v(u) = 74*u**2 - 1036*u + 2. Calculate v(14).
2
Let i(y) = y**3 - 9*y**2 + 139*y - 839. Determine i(7).
36
Let w(h) = h**3 + 3*h**2 + 436*h + 3249. Determine w(-7).
1
Let a(z) = -3*z**3 - 7*z**2 - 23*z - 97. What is a(-3)?
-10
Let d(z) = -z**3 - 9*z**2 - 7*z + 4. Calculate d(-7).
-45
Let u(c) = 17*c**3 + c**2 + 77*c - 80. Calculate u(1).
15
Let j(r) = -r**2 + 102*r - 296. What is j(3)?
1
Let w(f) = -21*f + 446. What is w(20)?
26
Let b(l) = -l**3 + l**2 - 2*l + 22. Calculate b(3).
-2
Let k(x) = -x**3 + 12*x**2 + 446*x + 1363. Give k(29).
0
Let b(w) = w**3 + 13*w**2 + 28*w - 9. Calculate b(-6).
75
Let s(x) = -86*x + 885. Determine s(10).
25
Let z(i) = -i**3 + 33*i**2 - 27*i - 198. Determine z(32).
-38
Let q(h) = h**3 + 33*h**2 + 64*h + 49. What is q(-31)?
-13
Let l(w) = w**3 + 23*w**2 - 45*w + 116. Give l(-25).
-9
Let d(u) = -u**3 - 27*u**2 + 105*u - 78. Give d(-31).
511
Let o(d) = -d**3 + 123*d**2 + 807*d - 4262. Give o(129).
-5
Let k(n) = -n**3 + 22*n**2 - 61*n - 280. Give k(17).
128
Let d(w) = -4*w**2 - 281*w - 232. Give d(-69).
113
Let d(z) = 2*z**3 - 35*z**2 + 54*z - 100. Determine d(16).
-4
Let s(m) = -252*m - 11. Give s(1).
-263
Let j(i) = 15*i - 67. What is j(-4)?
-127
Let a(z) = 2*z**2 + 5*z + 10. What is a(-3)?
13
Let m(v) = 4478*v + 22381. Give m(-5).
-9
Let c(s) = s**3 - 9*s**2 + 18*s - 9. What is c(7)?
19
Let h(y) = 2*y**3 - 17*y**2 - 1745*y + 381. Give h(34).
7
Let x(h) = 421*h + 841. What is x(-2)?
-1
Let t(l) = 3*l**2 + 769*l - 7983. Give t(10).
7
Let r(q) = 37*q + 1149. Give r(-31).
2
Let v(r) = 66*r - 356. Give v(10).
304
Let m(t) = -123*t + 578. Determine m(5).
-37
Let z(m) = -m**3 + 12*m**2 - 40*m + 64. Give z(8).
0
Let c(t) = -3*t**2 + 16*t + 46. Calculate c(8).
-18
Let a(o) = -o**2 + 387*o - 7667. Give a(21).
19
Let j(x) = -x**3 + 33*x**2 - 28*x + 113. Give j(33).
-811
Let f(j) = j**3 + 22*j**2 + 115*j - 26. What is f(-14)?
-68
Let s(z) = -58*z + 8124. What is s(140)?
4
Let h(d) = 155*d + 3711. Determine h(-24).
-9
Let d(w) = 132*w + 1025. Calculate d(-7).
101
Let d(g) = 2*g**3 + 92*g**2 + 4*g + 134. Determine d(-46).
-50
Let k(x) = -x**2 - 79*x - 1375. Give k(-26).
3
Let i(y) = 6*y**2 - 18*y - 917. What is i(14)?
7
Let k(s) = 68*s + 818. Calculate k(-12).
2
Let g(o) = 179*o - 9796. Calculate g(55).
49
Let s(x) = -2*x**2 - 23*x + 262. Determine s(-21).
-137
Let v(z) = 48*z + 315. Determine v(-7).
-21
Let a(n) = n**2 - 141*n + 2529. Give a(21).
9
Let g(n) = -5*n**3 + 2*n**2 + 424*n + 7. Give g(-9).
-2
Let w(a) = 102*a + 330. Give w(-10).
-690
Let x(t) = -3100*t + 18588. Give x(6).
-12
Let r(x) = -203*x - 1837. Give r(-9).
-10
Let a(d) = 173*d + 157. Determine a(-1).
-16
Let v(a) = 6*a - 249. Calculate v(0).
-249
Let f(v) = -129*v - 4648. Determine f(-36).
-4
Let w(y) = -1202*y + 37271. What is w(31)?
9
Let z(v) = v**3 - 91*v**2 + 78*v + 1122. Determine z(90).
42
Let h(c) = -19*c**2 + 167*c + 12. What is h(9)?
-24
Let w(h) = h**2 - 38*h + 242. Calculate w(37).
205
Let w(h) = -h**2 + 19*h - 39. Determine w(13).
39
Let y(v) = -57*v + 1114. Give y(20).
-26
Let f(b) = b**3 - 15*b**2 + 52*b - 52. Determine f(10).
-32
Let z(a) = -3*a**2 - 190*a - 250. Give z(-62).
-2
Let g(t) = 12*t**2 - 116*t - 2. Determine g(9).
-74
Let b(d) = d**2 - 27046*d + 135203. What is b(5)?
-2
Let p(s) = 16*s**2 - 11*s - 22. Give p(-2).
64
Let v(r) = r**2 - 65*r + 836. What is v(52)?
160
Let s(j) = -59*j + 266. What is s(5)?
-29
Let y(a) = a**2 + 51*a + 457. Determine y(-41).
47
Let h(d) = -46*d**3 + 19*d**2 + 29*d - 3. Determine h(-2).
383
Let l(z) = -350*z**3 + 7*z**2 + 9*z + 2. What is l(-1)?
350
Let r(s) = -12*s**2 - 126*s - 165. Determine r(-9).
-3
Let o(n) = n**3 + 6*n**2 - 2*n + 15. Calculate o(-6).
27
Let u(z) = -z**3 - 12*z**2 - 26*z - 742. Calculate u(-14).
14
Let g(y) = -270*y - 3784. Give g(-14).
-4
Let o(s) = s**2 - 40*s - 200. Calculate o(42).
-116
Let i(f) = -3*f**3 - 98*f**2 - 195*f - 7. Determine i(-2).
15
Let z(w) = -w + 127. What is z(32)?
95
Let c(k) = -k**2 + 80*k + 60. What is c(81)?
-21
Let u(n) = -2*n**3 - 146*n**2 - 4*n - 331. What is u(-73)?
-39
Let k(l) = -100*l + 1100. Give k(11).
0
Let d(j) = 53*j**3 - 3*j**2 - 3*j. Give d(-1).
-53
Let g(j) = j**2 - 55*j + 507. What is g(33)?
-219
Let n(t) = 35*t + 354. What is n(-25)?
-521
Let r(s) = -3*s**3 + 4*s**2 - s + 18. Calculate r(5).
-262
Let q(b) = 168*b - 3. What is q(-1)?
-171
Let s(r) = r**3 + 8*r**2 - 40*r - 331. What is s(-7)?
-2
Let k(q) = -10*q**2 + 113*q + 556. Determine k(15).
1
Let a(i) = i**3 + 59*i**2 - 704*i + 135. Calculate a(10).
-5
Let c(j) = -217*j + 1718. Determine c(8).
-18
Let k(b) = -b**3 - 15*b**2 + 16*b + 411. Calculate k(-14).
-9
Let j(c) = c**3 - 31*c**2 - 64*c - 43. Determine j(33).
23
Let p(v) = 10*v + 67. Give p(-12).
-53
Let d(f) = f**2 + 7*f + 151. Determine d(0).
151
Let s(c) = -3*c**3 - 24*c**2 + 10*c - 13. Give s(-8).
-93
Let z(c) = -151*c - 1198. Give z(-8).
10
Let q(r) = r**2 - 162*r + 3692. Calculate q(27).
47
Let n(m) = m**2 + 6*m - 435. What is n(-24)?
-3
Let g(j) = -3*j**2 - 95*j - 321. Determine g(-28).
-13
Let q(f) = -41*f**3 + f**2 - 4*f - 6. What is q(-1)?
40
Let l(t) = 2*t**3 + 9*t**2 + 12*t - 2. Calculate l(-2).
-6
Let q(u) = 172*u**2 - 95*u + 2. What is q(1)?
79
Let l(f) = 3*f**2 + 3*f - 197. What is l(-9)?
19
Let m(q) = -q**2 + 94*q - 958. Determine m(14).
162
Let m(j) = -j + 67. Determine m(16).
51
Let m(c) = -2*c**3 - 12*c**2 + 12*c - 2. Give m(-7).
12
Let r(s) = -128*s - 1245. Determine r(-9).
-93
Let p(v) = -v**3 - 7*v**2 + 15*v - 527. Calculate p(-12).
13
Let z(g) = -112*g + 208. Calculate z(2).
-16
Let n(g) = 4*g**2 + 76*g + 7. Determine n(-17).
-129
Let x(a) = a**3 + 3*a**2 - 8*a + 3. Give x(2).
7
Let g(t) = t**2 - 68*t - 4520. Calculate g(111).
253
Let r(u) = 2209*u - 6672. Determine r(3).
-45
Let l(h) = -30*h**2 - 210*h + 5. Calculate l(-7).
5
Let t(z) = 195*z - 1100. Calculate t(6).
70
Let p(z) = 21*z - 1905. Determine p(90).
-15
Let l(m) = 84*m - 2405. Calculate l(27).
-137
Let d(b) = b**3 - 60*b**2 + 139*b - 32. Calculate d(2).
14
Let f(i) = -4*i**2 + 294*i + 442. Give f(75).
-8
Let f(g) = -68*g - 161. Calculate f(-3).
43
Let p(g) = -4*g**2 + 17*g + 19. Calculate p(6).
-23
Let t(b) = -b**2 - 55*b + 2970. Calculate t(-89).
-56
Let g(b) = -2*b**2 - 22*b + 130. What is g(5)?
-30
Let k(i) = 12*i**3 - 4*i**2. Give k(2).
80
Let n(c) = -26*c - 941. Give n(-36).
-5
Let n(o) = -o**3 - 6*o**2 - 15*o - 14. Determine n(-6).
76
Let f(v) = -6*v - 194. Calculate f(-19).
-80
Let d(j) = -j**2 + 51*j - 136. What is d(32)?
472
Let n(k) = -736*k + 730. Determine n(1).
-6
Let w(m) = -2*m**2 + 5*m + 135. Calculate w(9).
18
Let w(y) = 520*y + 76951. What is w(-148)?
-9
Let w(b) = b**3 - 36*b**2 + 102*b - 96. Calculate w(33).
3
Let u(g) = 4*g**2 - 124*g - 55. Determine u(31).
-55
Let